2?
True
Is 1196 a factor of 38950274?
False
Does 72 divide 3559461078?
False
Does 52 divide 14131000?
True
Is 1040047217 a multiple of 122?
False
Is 167 a factor of 17819902?
True
Is 41392364 a multiple of 1196?
True
Is 8751 a factor of 314767793?
False
Is 971 a factor of 33946262?
False
Is 11 a factor of 60437168?
True
Does 5 divide 54616805?
True
Is 20846702 a multiple of 13?
False
Is 152 a factor of 33891440?
True
Is 110003302 a multiple of 114?
False
Is 99 a factor of 299267885?
False
Is 74 a factor of 586203210?
True
Does 40 divide 458567320?
True
Does 158 divide 441236960?
False
Is 76807192 a multiple of 310?
False
Does 10 divide 534445680?
True
Is 1449 a factor of 3382575714?
False
Is 41122745 a multiple of 2?
False
Does 19 divide 80767993?
True
Is 3539 a factor of 242584871?
False
Is 13 a factor of 47397078?
False
Is 2622624 a multiple of 544?
True
Is 36 a factor of 102255881?
False
Does 41 divide 321633110?
True
Does 3 divide 18514989?
True
Is 389214120 a multiple of 12?
True
Is 9391652 a multiple of 7?
False
Is 35 a factor of 46280465?
True
Is 854056 a multiple of 202?
True
Is 8 a factor of 86280143?
False
Is 186189423 a multiple of 47?
False
Is 2825653796 a multiple of 7?
True
Does 33 divide 900527694?
True
Is 3 a factor of 12020630?
False
Is 156 a factor of 3774920760?
True
Is 38 a factor of 6447721?
False
Is 859 a factor of 178633?
False
Does 9 divide 2173913?
False
Does 181 divide 105499110?
False
Is 4233970 a multiple of 2?
True
Is 50622069 a multiple of 207?
False
Is 42983437 a multiple of 2?
False
Is 797 a factor of 680752768?
True
Is 1640 a factor of 37620506?
False
Is 9509755 a multiple of 23?
False
Is 231 a factor of 6816690?
False
Does 4 divide 65849206?
False
Is 304 a factor of 765665781?
False
Is 57580890 a multiple of 664?
False
Is 35445675 a multiple of 115?
False
Is 4373 a factor of 625520395?
False
Does 100 divide 6767440385?
False
Is 2776 a factor of 2406060951?
False
Is 3813680 a multiple of 1544?
True
Does 76 divide 7534151?
False
Is 469989702 a multiple of 48?
False
Is 52 a factor of 1056144180?
True
Is 448 a factor of 130977354?
False
Does 3 divide 658646679?
True
Is 52020722 a multiple of 377?
True
Does 3142 divide 324829117?
False
Does 1200 divide 2701200?
True
Is 24266229 a multiple of 39?
True
Is 554 a factor of 53687586?
True
Is 8 a factor of 29006185?
False
Does 5878 divide 1556218134?
True
Does 1704 divide 4373006648?
False
Does 10643 divide 682216300?
True
Is 73908428 a multiple of 698?
True
Does 73 divide 161865953?
False
Is 923 a factor of 3167287?
False
Is 200 a factor of 171783000?
True
Is 503 a factor of 16645779?
True
Is 420849810 a multiple of 3?
True
Does 129 divide 35917600?
False
Is 7 a factor of 390762295?
True
Is 125 a factor of 5201250?
True
Does 20 divide 35453050?
False
Is 17 a factor of 469804996?
True
Is 91981540 a multiple of 10?
True
Does 130 divide 41862210?
True
Is 10 a factor of 2924000882?
False
Is 10 a factor of 11570167?
False
Is 379724583 a multiple of 1979?
True
Is 60990052 a multiple of 624?
False
Is 20 a factor of 7588878?
False
Does 182 divide 5850579?
False
Is 2486908605 a multiple of 9461?
False
Is 384823501 a multiple of 567?
False
Does 6 divide 445872606?
True
Is 7267474 a multiple of 103?
True
Is 136 a factor of 2507762072?
True
Is 2704054 a multiple of 7?
False
Is 1817138532 a multiple of 33?
True
Is 231178225 a multiple of 113?
True
Is 499 a factor of 51323148?
True
Is 57902738 a multiple of 13?
False
Is 2228934042 a multiple of 31?
False
Is 3120142 a multiple of 540?
False
Is 841 a factor of 492818431?
True
Is 43702580 a multiple of 17?
True
Is 2363429425 a multiple of 419?
False
Does 50 divide 28116620?
False
Is 102103848 a multiple of 28?
True
Does 2920 divide 10645951?
False
Is 35 a factor of 60484338?
False
Does 119 divide 10270414?
True
Is 32622950 a multiple of 2014?
False
Is 260 a factor of 90522640?
True
Is 1003481616 a multiple of 18?
False
Does 73 divide 48093349?
True
Is 12 a factor of 17321902?
False
Is 21456270 a multiple of 583?
False
Does 9 divide 67699986?
False
Is 28718064 a multiple of 1000?
False
Does 13 divide 98341893?
True
Does 1453 divide 136826251?
False
Does 1067 divide 503085522?
False
Is 461 a factor of 662985767?
True
Does 52 divide 48405183?
False
Is 1631 a factor of 129672655?
True
Does 3966 divide 974652858?
False
Is 3200743 a multiple of 44?
False
Does 115 divide 36532280?
True
Is 347056225 a multiple of 13?
False
Is 1148 a factor of 23944034?
False
Is 717165484 a multiple of 11?
False
Is 20 a factor of 44728008?
False
Is 101442934 a multiple of 1745?
False
Does 5140 divide 487960760?
True
Is 24685782 a multiple of 430?
False
Is 539 a factor of 402780147?
True
Is 938 a factor of 126816921?
False
Does 7649 divide 817357464?
False
Does 33 divide 1063771335?
True
Is 1393779200 a multiple of 88?
True
Does 7 divide 902316317?
True
Does 2 divide 60114189?
False
Is 84 a factor of 678116041?
False
Does 220 divide 1305694940?
True
Is 27525744 a multiple of 1268?
True
Does 14 divide 59641680?
True
Is 2979 a factor of 161435189?
False
Is 559086361 a multiple of 1066?
False
Is 72 a factor of 2084359896?
True
Is 3874 a factor of 7180086079?
False
Does 87 divide 29305776?
True
Is 599805447 a multiple of 3121?
False
Is 3282 a factor of 57457974?
True
Is 19 a factor of 3428860472?
False
Is 314460090 a multiple of 3411?
True
Does 358 divide 743924?
True
Does 565 divide 266840460?
True
Does 19 divide 1145909?
True
Is 15 a factor of 630256294?
False
Does 135 divide 17758462?
False
Is 22843772 a multiple of 240?
False
Is 114 a factor of 48897906?
True
Is 64 a factor of 7311497?
False
Is 251521260 a multiple of 7?
False
Does 509 divide 23861920?
True
Is 2249 a factor of 2155081138?
False
Is 5204375 a multiple of 1375?
True
Is 14 a factor of 4128586?
True
Is 89783208 a multiple of 524?
True
Is 1747178458 a multiple of 15?
False
Is 10138094 even?
True
Is 6507648 a multiple of 36?
True
Does 14 divide 445444594?
True
Does 41 divide 3026927?
False
Does 649 divide 193295564?
True
Is 57 a factor of 187067385?
False
Does 2752 divide 1495815776?
False
Does 11 divide 110827123?
True
Is 52 a factor of 10515070?
False
Does 2080 divide 2150795159?
False
Is 33360998 a multiple of 5?
False
Does 696 divide 233739652?
False
Is 45348740 a multiple of 1070?
True
Does 62 divide 140854046?
False
Is 1840538492 a multiple of 9?
False
Is 422773182 a multiple of 3898?
True
Is 129334591 a multiple of 82?
False
Does 16483 divide 7101360491?
False
Is 13 a factor of 47373992?
False
Is 378 a factor of 9568314?
True
Is 210484706 a multiple of 16?
False
Is 33 a factor of 881756205?
True
Is 231 a factor of 182354180?
False
Is 2064 a factor of 367868197?
False
Is 8 a factor of 2542149?
False
Is 2382587496 a multiple of 72?
True
Is 1025 a factor of 34212807?
False
Is 5804900 a multiple of 5?
True
Is 1068205916 a multiple of 32?
False
Is 65 a factor of 431813862?
False
Does 30 divide 2506637598?
False
Is 10601775 a multiple of 7?
False
Is 579692707 a multiple of 231?
False
Does 358 divide 94549332?
False
Is 260 a factor of 1490224861?
False
Is 181804919 a multiple of 3184?
False
Is 671 a factor of 11058080?
True
Is 3213 a factor of 139704453?
True
Does 7 divide 443767719?
False
Is 147857953 a multiple of 22?
False
Does 185 divide 3682005420?
True
Does 222 divide 1702407566?
False
Does 327 divide 55257106?
False
Is 10 a factor of 8881919?
False
Is 56533215 a multiple of 681?
True
Does 574 divide 14721378?
True
Does 35 divide 4652025?
True
Is 47403260 a multiple of 956?
True
Is 4 a factor of 10676195?
False
Is 48980772 a multiple of 36?
True
Is 18557439 a multiple of 526?
False
Does 3760 divide 280030462?
False
Is 2960633 a multiple of 53?
True
Is 23 a factor of 2046289?
False
Is 550 a factor of 6369000?
True
Does 220 divide 459904082?
False
Does 3556 divide 1358942103?
False
Is 266 a factor of 13913130?
True
Is 72 a factor of 3193488936?
True
Is 17847939 a multiple of 3?
True
Is 29 a factor of 75481693?
True
Does 1079 divide 102772592?
True
Is 44 a factor of 1635475349?
False
Is 22 a factor of 11587847?
False
Does 7 divide 12842991?
True
Does 58 divide 360533104?
True
Is 116 a factor of 5054039032?
True
Does 181 divide 7171582?
True
Does 5724 divide 209143191?
False
Does 65 divide 166518